{"id":441,"date":"2023-03-21T14:41:35","date_gmt":"2023-03-21T17:41:35","guid":{"rendered":"http:\/\/lait.dau.puc-rio.br\/?page_id=441"},"modified":"2023-03-21T15:31:28","modified_gmt":"2023-03-21T18:31:28","slug":"sobre","status":"publish","type":"page","link":"https:\/\/lait.dau.puc-rio.br\/index.php\/sobre\/","title":{"rendered":"sobre"},"content":{"rendered":"\n<p class=\"uag-hide-desktop\">O Laborat\u00f3rio de Arquitetura, Infraestrutura e Territ\u00f3rio (LAIT), vinculado ao Programa de P\u00f3s-Gradua\u00e7\u00e3o em Arquitetura (PPGArq) da PUC-Rio, desenvolve desde 2014 projetos de pesquisa que se desdobram sobre os temas da paisagem, infraestrutura e tect\u00f4nica. Assumindo a produ\u00e7\u00e3o de obras de escala arquitet\u00f4nica e urbana como pr\u00e1tica material, prop\u00f5e discutir tal produ\u00e7\u00e3o a partir de tr\u00eas dimens\u00f5es: cultura, contexto e of\u00edcio. As pesquisas s\u00e3o desenvolvidas atrav\u00e9s de uma perspectiva transdisciplinar, procurando contribuir com discuss\u00f5es relacionadas \u00e0 hist\u00f3ria, teoria e cr\u00edtica em arquitetura. Objetivam, simultaneamente, contribuir para a constru\u00e7\u00e3o de conhecimento e pr\u00e1ticas direcionadas ao campo projetual contempor\u00e2neo.<\/p>\n","protected":false},"excerpt":{"rendered":"<p>O Laborat\u00f3rio de Arquitetura, Infraestrutura e Territ\u00f3rio (LAIT), vinculado ao Programa de P\u00f3s-Gradua\u00e7\u00e3o em Arquitetura (PPGArq) da PUC-Rio, desenvolve desde 2014 projetos de pesquisa que se desdobram sobre os temas da paisagem, infraestrutura e tect\u00f4nica. Assumindo a produ\u00e7\u00e3o de obras de escala arquitet\u00f4nica e urbana como pr\u00e1tica material, prop\u00f5e discutir tal produ\u00e7\u00e3o a partir de [&hellip;]<\/p>\n","protected":false},"author":1,"featured_media":0,"parent":0,"menu_order":0,"comment_status":"closed","ping_status":"closed","template":"","meta":{"footnotes":""},"_links":{"self":[{"href":"https:\/\/lait.dau.puc-rio.br\/index.php\/wp-json\/wp\/v2\/pages\/441"}],"collection":[{"href":"https:\/\/lait.dau.puc-rio.br\/index.php\/wp-json\/wp\/v2\/pages"}],"about":[{"href":"https:\/\/lait.dau.puc-rio.br\/index.php\/wp-json\/wp\/v2\/types\/page"}],"author":[{"embeddable":true,"href":"https:\/\/lait.dau.puc-rio.br\/index.php\/wp-json\/wp\/v2\/users\/1"}],"replies":[{"embeddable":true,"href":"https:\/\/lait.dau.puc-rio.br\/index.php\/wp-json\/wp\/v2\/comments?post=441"}],"version-history":[{"count":4,"href":"https:\/\/lait.dau.puc-rio.br\/index.php\/wp-json\/wp\/v2\/pages\/441\/revisions"}],"predecessor-version":[{"id":461,"href":"https:\/\/lait.dau.puc-rio.br\/index.php\/wp-json\/wp\/v2\/pages\/441\/revisions\/461"}],"wp:attachment":[{"href":"https:\/\/lait.dau.puc-rio.br\/index.php\/wp-json\/wp\/v2\/media?parent=441"}],"curies":[{"name":"wp","href":"https:\/\/api.w.org\/{rel}","templated":true}]}}